ors of 19319863.
1901, 10163
What are the prime factors of 3552221918?
2, 7, 9241, 27457
What are the prime factors of 191687928?
2, 3, 7986997
What are the prime factors of 174826497?
3, 58275499
What are the prime factors of 49024679?
11, 4456789
What are the prime factors of 761105438?
2, 3527, 107897
List the prime factors of 1241882670.
2, 3, 5, 7, 5913727
List the prime factors of 91128627.
3, 59, 171617
List the prime factors of 410316151.
7, 41, 163, 179
What are the prime factors of 2298554585?
5, 127, 3619771
What are the prime factors of 2168214?
2, 3, 17, 29, 733
What are the prime factors of 911949511?
11, 41, 193, 10477
What are the prime factors of 20999712?
2, 3, 19, 29, 397
What are the prime factors of 2047362447?
3, 13, 52496473
List the prime factors of 6560690737.
5171, 1268747
List the prime factors of 25486705.
5, 131, 167, 233
List the prime factors of 86706914.
2, 7, 6193351
List the prime factors of 12236870.
2, 5, 1223687
List the prime factors of 139555581.
3, 11, 521, 8117
List the prime factors of 95710618.
2, 47855309
List the prime factors of 321086892.
2, 3, 7, 47, 167, 487
List the prime factors of 84982109.
2297, 36997
List the prime factors of 162105679.
23, 29, 47, 5171
What are the prime factors of 236351893?
37, 439, 14551
List the prime factors of 346503825.
3, 5, 137, 1249
What are the prime factors of 41454439?
13, 3188803
List the prime factors of 4195008420.
2, 3, 5, 69916807
List the prime factors of 83348271.
3, 227, 1511
What are the prime factors of 81716344?
2, 10214543
List the prime factors of 1364765061.
3, 11, 251, 164767
What are the prime factors of 50254275?
3, 5, 347, 1931
List the prime factors of 874086665.
5, 1151, 151883
What are the prime factors of 7148463?
3, 7, 6947
What are the prime factors of 344543079?
3, 114847693
What are the prime factors of 625997835?
3, 5, 229, 20249
List the prime factors of 56271950.
2, 5, 7, 43, 3739
What are the prime factors of 111767186?
2, 55883593
What are the prime factors of 28553378?
2, 7, 107, 389
What are the prime factors of 1941439480?
2, 5, 31, 97, 16141
List the prime factors of 1927819090.
2, 5, 192781909
What are the prime factors of 2986569018?
2, 3, 165920501
List the prime factors of 195279348.
2, 3, 11, 53, 103, 271
List the prime factors of 1897829478.
2, 3, 19, 5549209
List the prime factors of 122109976.
2, 15263747
List the prime factors of 75896817.
3, 25298939
List the prime factors of 40805771.
1847, 22093
List the prime factors of 144731631.
3, 11, 4385807
What are the prime factors of 3753955?
5, 750791
List the prime factors of 1155072943.
71, 16268633
What are the prime factors of 1794110391?
3, 139, 159349
What are the prime factors of 4936091210?
2, 5, 2503, 197207
List the prime factors of 45248685.
3, 5, 31, 43, 73
List the prime factors of 55453.
23, 2411
List the prime factors of 118414249.
73, 421, 3853
List the prime factors of 1695285706.
2, 89, 9524077
List the prime factors of 28790478.
2, 3, 43, 4133
What are the prime factors of 57407199?
3, 83, 230551
What are the prime factors of 4379156750?
2, 5, 109, 271, 593
List the prime factors of 32884879.
32884879
List the prime factors of 287370971.
37, 239, 32497
List the prime factors of 233759424.
2, 3, 353, 3449
What are the prime factors of 292397774?
2, 146198887
List the prime factors of 207295397.
3467, 59791
List the prime factors of 1164848615.
5, 7, 37, 431, 2087
List the prime factors of 52007844.
2, 3, 7, 41, 15101
List the prime factors of 4566152586.
2, 3, 97, 7845623
What are the prime factors of 5736577?
7, 11, 29, 367
List the prime factors of 230019815.
5, 397, 115879
List the prime factors of 579293937.
3, 29, 246613
List the prime factors of 948620.
2, 5, 47431
List the prime factors of 876298712.
2, 23, 4762493
List the prime factors of 2084569313.
5167, 403439
What are the prime factors of 82564570?
2, 5, 11, 41, 18307
What are the prime factors of 4628945404?
2, 107, 181, 59753
List the prime factors of 88835203.
19, 859, 5443
List the prime factors of 237146195.
5, 11, 13, 29, 11437
List the prime factors of 17894866.
2, 11, 233, 3491
List the prime factors of 74756621.
19, 383, 10273
What are the prime factors of 12295199?
7, 17, 277, 373
List the prime factors of 246814225.
5, 7, 107, 269
What are the prime factors of 145030009?
17, 67, 127331
List the prime factors of 203845811.
13, 15680447
What are the prime factors of 12020010?
2, 3, 5, 101, 3967
What are the prime factors of 886089448?
2, 110761181
What are the prime factors of 3059647414?
2, 167, 9160621
What are the prime factors of 8066523?
3, 71, 37871
What are the prime factors of 5550961449?
3, 11, 9907, 16979
List the prime factors of 992184288.
2, 3, 47, 97, 2267
What are the prime factors of 24360160?
2, 5, 11, 13841
What are the prime factors of 752628816?
2, 3, 23, 113, 2011
What are the prime factors of 980085146?
2, 131, 3740783
List the prime factors of 1306618622.
2, 5171, 126341
What are the prime factors of 70902998?
2, 35451499
What are the prime factors of 129341915?
5, 25868383
List the prime factors of 41040530.
2, 5, 4104053
List the prime factors of 64750099.
64750099
List the prime factors of 10369980.
2, 3, 5, 53, 1087
What are the prime factors of 65468304?
2, 3, 11, 23, 599
List the prime factors of 45484954.
2, 2749, 8273
What are the prime factors of 106580934?
2, 3, 151, 4357
List the prime factors of 1759609140.
2, 3, 5, 17, 349, 4943
What are the prime factors of 124772681?
11, 11342971
What are the prime factors of 513947538?
2, 3, 13, 37, 47, 421
List the prime factors of 10602139.
29, 365591
What are the prime factors of 241305692?
2, 60326423
List the prime factors of 51058694.
2, 41, 15187
What are the prime factors of 1559081391?
3, 7, 109, 541, 1259
List the prime factors of 22709133.
3, 841079
List the prime factors of 91851084.
2, 3, 13, 2423
List the prime factors of 228898195.
5, 251, 182389
What are the prime factors of 1104839878?
2, 6277, 88007
What are the prime factors of 7447720?
2, 5, 7, 67, 397
What are the prime factors of 3219402630?
2, 3, 5, 139, 433, 1783
What are the prime factors of 1155369621?
3, 7, 401, 137201
What are the prime factors of 193932943?
19, 10206997
List the prime factors of 1203728781.
3, 29, 439, 31517
List the prime factors of 1943473649.
13, 149497973
List the prime factors of 110859893.
113, 981061
What are the prime factors of 135908301?
3, 45302767
What are the prime factors of 927657268?
2, 31, 7481107
List the prime factors of 57817169.
57817169
What are the prime factors of 71395356?
2, 3, 31, 281, 683
What are the prime factors of 2490278780?
2, 5, 11, 43, 67, 3929
List the prime factors of 94380715.
5, 11, 13, 132001
What are the prime factors of 118082820?
2, 3, 5, 1968047
What are the prime factors of 127457745?
3, 5, 443, 19181
What are the prime factors of 2013551449?
7, 13, 22126939
What are the prime factors of 280378786?
2, 23, 29, 67, 3137
What are the prime factors of 3152118384?
2, 3, 1753, 12487
What are the prime factors of 8679669?
3, 877, 3299
List the prime factors of 36611650.
2, 5, 732233
List the prime factors of 864655215.
3, 5, 23, 1531, 1637
List the prime factors of 41777459.
41777459
List the prime factors of 4919525.
5, 13, 15137
What are the prime factors of 634238300?
2, 5, 31, 109, 1877
What are the prime factors of 23875437?
3, 883, 9013
List the prime factors of 216349937.
23, 149, 63131
What are the prime factors of 19586248?
2, 11, 23, 9677
List the prime factors of 4434861.
3, 1478287
List the prime factors of 758118808.
2, 17, 113, 49331
List the prime factors of 563097115.
5, 7, 16088489
What are the prime factors of 16188723?
3, 1798747
What are the prime factors of 3266295234?
2, 3, 6701, 81239
What are the prime factors of 396756319?
17, 23338607
What are the prime factors of 1520765004?
2, 3, 11, 43, 267929
What are the prime factors of 34371784?
2, 4296473
What are the prime factors of 3105067242?
2, 3, 389, 1021, 1303
What are the prime factors of 123733433?
127, 974279
What are the prime factors of 95764709?
23, 47, 88589
What are the prime factors of 23720771?
907, 26153
List the prime factors of 55588880.
2, 5, 139, 4999
What are the prime factors of 7